{"id":71,"date":"2012-04-21T09:03:08","date_gmt":"2012-04-21T09:03:08","guid":{"rendered":"http:\/\/www.raumklima.cc\/?page_id=71"},"modified":"2012-11-12T17:10:31","modified_gmt":"2012-11-12T17:10:31","slug":"gewerbe","status":"publish","type":"page","link":"https:\/\/www.raumklima.cc\/?page_id=71","title":{"rendered":"Gewerbe \/ Industrie"},"content":{"rendered":"<ul class=\"ngg-breadcrumbs\">\n    <\/ul>\n<div class=\"ngg-albumoverview\">\t\n\t<!-- List of galleries -->\n\t\n\t<div class=\"ngg-album\">\n\t\t<div class=\"ngg-albumtitle\"><a href=\"https:\/\/www.raumklima.cc\/?page_id=71\">B\u00e4ckerei Holztrattner<\/a><\/div>\n\t\t\t<div class=\"ngg-albumcontent\">\n\t\t\t\t<div class=\"ngg-thumbnail\">\n\t\t\t\t\t<a href=\"https:\/\/www.raumklima.cc\/?page_id=71\"><img class=\"Thumb\" alt=\"B\u00e4ckerei Holztrattner\" src=\"https:\/\/www.raumklima.cc\/wp-content\/gallery\/backerei-holztrattner\/cache\/img_0200.jpg-nggid0261-ngg0dyn-91x68-00f0w010c011r110f110r010t010.jpg\"\/><\/a>\n\t\t\t\t<\/div>\n\t\t\t\t<div class=\"ngg-description\">\n\t\t\t\t<p>Planung \/ Bau\u00fcberwachung Neubau \r\nHochwirksame W\u00e4rmer\u00fcckgewinnung durch inteligente Einbindung der Abw\u00e4rme Gewerbek\u00e4lte sowie Abw\u00e4rme der Back\u00f6fen in das gesamte Energiesystem. \r\n<\/p>\n\t\t\t\t\t\t\t\t<p class=\"ngg-album-gallery-image-counter\"><strong>7<\/strong>&nbsp;Fotos<\/p>\n\t\t\t\t\t\t\t<\/div>\n\t\t<\/div>\n\t<\/div>\n\n \t\n\t<div class=\"ngg-album\">\n\t\t<div class=\"ngg-albumtitle\"><a href=\"https:\/\/www.raumklima.cc\/index.php\/nggallery\/gewerbe-industrie\/hervis-sport-mode-gmbh?page_id=71\">Hervis Sport & Mode GmbH.<\/a><\/div>\n\t\t\t<div class=\"ngg-albumcontent\">\n\t\t\t\t<div class=\"ngg-thumbnail\">\n\t\t\t\t\t<a href=\"https:\/\/www.raumklima.cc\/index.php\/nggallery\/gewerbe-industrie\/hervis-sport-mode-gmbh?page_id=71\"><img class=\"Thumb\" alt=\"Hervis Sport &amp; Mode GmbH.\" src=\"https:\/\/www.raumklima.cc\/wp-content\/gallery\/hervis-sport-mode-gmbh\/cache\/logo1.png-nggid03160-ngg0dyn-91x68-00f0w010c011r110f110r010t010.png\"\/><\/a>\n\t\t\t\t<\/div>\n\t\t\t\t<div class=\"ngg-description\">\n\t\t\t\t<p>Planung aller Hervisfilialen in Europa\r\n\r\nAktuell: \r\n\u00d6sterreich: Wien Hauptbahnhof - EKZ Wien Mitte - W\u00f6rgl West\r\nKroatien: Slavonski Brod\r\nDeutschland: Garmisch Partenkirchen\r\nTsch. Republik: Frydek Mistek\r\n\r\n\r\n<\/p>\n\t\t\t\t\t\t\t\t<p class=\"ngg-album-gallery-image-counter\"><strong>1<\/strong>&nbsp;Fotos<\/p>\n\t\t\t\t\t\t\t<\/div>\n\t\t<\/div>\n\t<\/div>\n\n \t\n\t<div class=\"ngg-album\">\n\t\t<div class=\"ngg-albumtitle\"><a href=\"https:\/\/www.raumklima.cc\/index.php\/nggallery\/gewerbe-industrie\/ebster-henndorf?page_id=71\">Ebster Henndorf<\/a><\/div>\n\t\t\t<div class=\"ngg-albumcontent\">\n\t\t\t\t<div class=\"ngg-thumbnail\">\n\t\t\t\t\t<a href=\"https:\/\/www.raumklima.cc\/index.php\/nggallery\/gewerbe-industrie\/ebster-henndorf?page_id=71\"><img class=\"Thumb\" alt=\"Ebster Henndorf\" src=\"https:\/\/www.raumklima.cc\/wp-content\/gallery\/ebster-henndorf\/cache\/ebster_neubau7.jpg-nggid0294-ngg0dyn-91x68-00f0w010c011r110f110r010t010.jpg\"\/><\/a>\n\t\t\t\t<\/div>\n\t\t\t\t<div class=\"ngg-description\">\n\t\t\t\t<p>Unternehmenszentrale in Henndorf - mit mehr Platz, funktionelleren B\u00fcros und ein gro\u00dfz\u00fcgigem Bauhof. Ein echter Meilenstein in Sachen Architektur, Energieeffizienz und Green Building.\r\nBeheizung mittels W\u00e4rmepumpe (Heizen und K\u00fchlen) sowie Spitzenlastabedeckung \u00fcber Gasbrennwerttechnik.\r\nSolaranlage f\u00fcr Warmwasserbereitung (Mitarbeiterzimmer) sowie zur Heizungsunterst\u00fctzung.\r\nMech. Be- und Entl\u00fcftung der B\u00fcror\u00e4ume f\u00fcr optimale Luftqualit\u00e4t und somit erh\u00f6hte Produktivit\u00e4t der Mitarbeiter.<\/p>\n\t\t\t\t\t\t\t\t<p class=\"ngg-album-gallery-image-counter\"><strong>2<\/strong>&nbsp;Fotos<\/p>\n\t\t\t\t\t\t\t<\/div>\n\t\t<\/div>\n\t<\/div>\n\n \t\n\t<div class=\"ngg-album\">\n\t\t<div class=\"ngg-albumtitle\"><a href=\"https:\/\/www.raumklima.cc\/index.php\/nggallery\/gewerbe-industrie\/ca-mode-gmbh?page_id=71\">C&amp;A Mode GmbH.<\/a><\/div>\n\t\t\t<div class=\"ngg-albumcontent\">\n\t\t\t\t<div class=\"ngg-thumbnail\">\n\t\t\t\t\t<a href=\"https:\/\/www.raumklima.cc\/index.php\/nggallery\/gewerbe-industrie\/ca-mode-gmbh?page_id=71\"><img class=\"Thumb\" alt=\"C&amp;A Mode GmbH.\" src=\"https:\/\/www.raumklima.cc\/wp-content\/gallery\/ca-mode-gmbh\/cache\/p1020307.jpg-nggid03110-ngg0dyn-91x68-00f0w010c011r110f110r010t010.jpg\"\/><\/a>\n\t\t\t\t<\/div>\n\t\t\t\t<div class=\"ngg-description\">\n\t\t\t\t<p>C&amp;A Landeck\r\nSanierung und Energieoptimierung der Haustechnik.\r\nEinbau einer moderern Heizungsanlage (Gasbrennwerttechnik statt Heiz\u00f6l)\r\nBedarfsgef\u00fchrte Regelung der L\u00fcftungs- und Heizungsanlage \r\nErneuerung der L\u00fcftungsanlage. Zonenregelung ( 7 Stockwerke) \u00fcber CO F\u00fchler. Hochwirksame W\u00e4rmer\u00fcckgewinnung.\r\nEinbau einer K\u00e4lteanlage (VRV Anlage)\r\n<\/p>\n\t\t\t\t\t\t\t\t<p class=\"ngg-album-gallery-image-counter\"><strong>7<\/strong>&nbsp;Fotos<\/p>\n\t\t\t\t\t\t\t<\/div>\n\t\t<\/div>\n\t<\/div>\n\n \t\n\t<div class=\"ngg-album\">\n\t\t<div class=\"ngg-albumtitle\"><a href=\"https:\/\/www.raumklima.cc\/index.php\/nggallery\/gewerbe-industrie\/ever-neuro-pharma-gmbh?page_id=71\">Ever Neuro Pharma GmbH.<\/a><\/div>\n\t\t\t<div class=\"ngg-albumcontent\">\n\t\t\t\t<div class=\"ngg-thumbnail\">\n\t\t\t\t\t<a href=\"https:\/\/www.raumklima.cc\/index.php\/nggallery\/gewerbe-industrie\/ever-neuro-pharma-gmbh?page_id=71\"><img class=\"Thumb\" alt=\"Ever Neuro Pharma GmbH.\" src=\"https:\/\/www.raumklima.cc\/wp-content\/gallery\/ever-neuro-pharma-gmbh\/cache\/img_0173.jpg-nggid0296-ngg0dyn-91x68-00f0w010c011r110f110r010t010.jpg\"\/><\/a>\n\t\t\t\t<\/div>\n\t\t\t\t<div class=\"ngg-description\">\n\t\t\t\t<p>Neubau B\u00fcro, Lager und Laborgeb\u00e4ude\r\nBeheizung mittels einer 200KW Pelletsanlage\r\nW\u00e4rmeabgabe B\u00fcro\u00b4s \u00fcber Fl\u00e4chenheizung & Radiatoren\r\nW\u00e4rmeabgabe Lager \u00fcber Deckenstrahlplatten\r\nL\u00fcftungsanlage f\u00fcr B\u00fcror\u00e4ume \r\nDiverse L\u00fcftungsanlage f\u00fcr die Laborbereich\r\nSplitk\u00fchlungen f\u00fcr Laborbereiche\r\nK\u00fchlung \u00fcber Brunnenwasser - K\u00e4lteabgabe \u00fcber Fl\u00e4chenk\u00fchlung bzw. Gebl\u00e4sekonvektoren.\r\n<\/p>\n\t\t\t\t\t\t\t\t<p class=\"ngg-album-gallery-image-counter\"><strong>3<\/strong>&nbsp;Fotos<\/p>\n\t\t\t\t\t\t\t<\/div>\n\t\t<\/div>\n\t<\/div>\n\n \t\n\t<div class=\"ngg-album\">\n\t\t<div class=\"ngg-albumtitle\"><a href=\"https:\/\/www.raumklima.cc\/index.php\/nggallery\/gewerbe-industrie\/goldbeck-rhomberg?page_id=71\">Goldbeck Rhomberg<\/a><\/div>\n\t\t\t<div class=\"ngg-albumcontent\">\n\t\t\t\t<div class=\"ngg-thumbnail\">\n\t\t\t\t\t<a href=\"https:\/\/www.raumklima.cc\/index.php\/nggallery\/gewerbe-industrie\/goldbeck-rhomberg?page_id=71\"><img class=\"Thumb\" alt=\"Goldbeck Rhomberg\" src=\"https:\/\/www.raumklima.cc\/wp-content\/gallery\/goldbeck-rhomberg\/cache\/Goldbeck-Rhomberg_Motion06.jpg-nggid03119-ngg0dyn-91x68-00f0w010c011r110f110r010t010.jpg\"\/><\/a>\n\t\t\t\t<\/div>\n\t\t\t\t<div class=\"ngg-description\">\n\t\t\t\t<p><\/p>\n\t\t\t\t\t\t\t\t<p class=\"ngg-album-gallery-image-counter\"><strong>4<\/strong>&nbsp;Fotos<\/p>\n\t\t\t\t\t\t\t<\/div>\n\t\t<\/div>\n\t<\/div>\n\n \t\n\t<div class=\"ngg-album\">\n\t\t<div class=\"ngg-albumtitle\"><a href=\"https:\/\/www.raumklima.cc\/index.php\/nggallery\/gewerbe-industrie\/goldbreck-rhomberg-vilniusstrasse?page_id=71\">Goldbeck Rhomberg Vilniusstra\u00dfe<\/a><\/div>\n\t\t\t<div class=\"ngg-albumcontent\">\n\t\t\t\t<div class=\"ngg-thumbnail\">\n\t\t\t\t\t<a href=\"https:\/\/www.raumklima.cc\/index.php\/nggallery\/gewerbe-industrie\/goldbreck-rhomberg-vilniusstrasse?page_id=71\"><img class=\"Thumb\" alt=\"Goldbeck Rhomberg Vilniusstra\u00dfe\" src=\"https:\/\/www.raumklima.cc\/wp-content\/gallery\/goldbreck-rhomberg-vilniusstrasse\/cache\/51f767b92a1.jpg-nggid03122-ngg0dyn-91x68-00f0w010c011r110f110r010t010.jpg\"\/><\/a>\n\t\t\t\t<\/div>\n\t\t\t\t<div class=\"ngg-description\">\n\t\t\t\t<p><\/p>\n\t\t\t\t\t\t\t\t<p class=\"ngg-album-gallery-image-counter\"><strong>2<\/strong>&nbsp;Fotos<\/p>\n\t\t\t\t\t\t\t<\/div>\n\t\t<\/div>\n\t<\/div>\n\n \t\n\t<div class=\"ngg-album\">\n\t\t<div class=\"ngg-albumtitle\"><a href=\"https:\/\/www.raumklima.cc\/index.php\/nggallery\/gewerbe-industrie\/buero-strasswalchen-mitte?page_id=71\">B\u00fcro Stra\u00dfwalchen Mitte<\/a><\/div>\n\t\t\t<div class=\"ngg-albumcontent\">\n\t\t\t\t<div class=\"ngg-thumbnail\">\n\t\t\t\t\t<a href=\"https:\/\/www.raumklima.cc\/index.php\/nggallery\/gewerbe-industrie\/buero-strasswalchen-mitte?page_id=71\"><img class=\"Thumb\" alt=\"B\u00fcro Stra\u00dfwalchen Mitte\" src=\"https:\/\/www.raumklima.cc\/wp-content\/gallery\/buero-strasswalchen-mitte\/cache\/prefa_strasswalchen_2380.jpg-nggid03151-ngg0dyn-91x68-00f0w010c011r110f110r010t010.jpg\"\/><\/a>\n\t\t\t\t<\/div>\n\t\t\t\t<div class=\"ngg-description\">\n\t\t\t\t<p><\/p>\n\t\t\t\t\t\t\t\t<p class=\"ngg-album-gallery-image-counter\"><strong>5<\/strong>&nbsp;Fotos<\/p>\n\t\t\t\t\t\t\t<\/div>\n\t\t<\/div>\n\t<\/div>\n\n \t\n\t<div class=\"ngg-album\">\n\t\t<div class=\"ngg-albumtitle\"><a href=\"https:\/\/www.raumklima.cc\/index.php\/nggallery\/gewerbe-industrie\/goldbeck-rhomberg-ensinger?page_id=71\">Goldbeck Rhomberg Ensinger<\/a><\/div>\n\t\t\t<div class=\"ngg-albumcontent\">\n\t\t\t\t<div class=\"ngg-thumbnail\">\n\t\t\t\t\t<a href=\"https:\/\/www.raumklima.cc\/index.php\/nggallery\/gewerbe-industrie\/goldbeck-rhomberg-ensinger?page_id=71\"><img class=\"Thumb\" alt=\"Goldbeck Rhomberg Ensinger\" src=\"https:\/\/www.raumklima.cc\/wp-content\/gallery\/goldbeck-rhomberg-ensinger\/cache\/Ensinger-klein.jpg-nggid03162-ngg0dyn-91x68-00f0w010c011r110f110r010t010.jpg\"\/><\/a>\n\t\t\t\t<\/div>\n\t\t\t\t<div class=\"ngg-description\">\n\t\t\t\t<p><\/p>\n\t\t\t\t\t\t\t\t<p class=\"ngg-album-gallery-image-counter\"><strong>1<\/strong>&nbsp;Fotos<\/p>\n\t\t\t\t\t\t\t<\/div>\n\t\t<\/div>\n\t<\/div>\n\n \t\n\t<div class=\"ngg-album\">\n\t\t<div class=\"ngg-albumtitle\"><a href=\"https:\/\/www.raumklima.cc\/index.php\/nggallery\/gewerbe-industrie\/goldbeck-rhomberg-schenker?page_id=71\">Goldbeck Rhomberg Schenker<\/a><\/div>\n\t\t\t<div class=\"ngg-albumcontent\">\n\t\t\t\t<div class=\"ngg-thumbnail\">\n\t\t\t\t\t<a href=\"https:\/\/www.raumklima.cc\/index.php\/nggallery\/gewerbe-industrie\/goldbeck-rhomberg-schenker?page_id=71\"><img class=\"Thumb\" alt=\"Goldbeck Rhomberg Schenker\" src=\"https:\/\/www.raumklima.cc\/wp-content\/gallery\/goldbeck-rhomberg-schenker\/cache\/IMG_2380.JPG-nggid03164-ngg0dyn-91x68-00f0w010c011r110f110r010t010.JPG\"\/><\/a>\n\t\t\t\t<\/div>\n\t\t\t\t<div class=\"ngg-description\">\n\t\t\t\t<p><\/p>\n\t\t\t\t\t\t\t\t<p class=\"ngg-album-gallery-image-counter\"><strong>2<\/strong>&nbsp;Fotos<\/p>\n\t\t\t\t\t\t\t<\/div>\n\t\t<\/div>\n\t<\/div>\n\n \t\n\t<div class=\"ngg-album\">\n\t\t<div class=\"ngg-albumtitle\"><a href=\"https:\/\/www.raumklima.cc\/index.php\/nggallery\/gewerbe-industrie\/lagerhaus-tamsweg?page_id=71\">Lagerhaus Tamsweg<\/a><\/div>\n\t\t\t<div class=\"ngg-albumcontent\">\n\t\t\t\t<div class=\"ngg-thumbnail\">\n\t\t\t\t\t<a href=\"https:\/\/www.raumklima.cc\/index.php\/nggallery\/gewerbe-industrie\/lagerhaus-tamsweg?page_id=71\"><img class=\"Thumb\" alt=\"Lagerhaus Tamsweg\" src=\"https:\/\/www.raumklima.cc\/wp-content\/gallery\/lagerhaus-tamsweg\/cache\/IMG_2249.JPG-nggid03171-ngg0dyn-91x68-00f0w010c011r110f110r010t010.JPG\"\/><\/a>\n\t\t\t\t<\/div>\n\t\t\t\t<div class=\"ngg-description\">\n\t\t\t\t<p>Das neu errichtete Lagerhaus wird \u00fcber die \u00f6rtliche Nahw\u00e4rme versorgt. Die W\u00e4rmeverteilung\r\nerfolgt ausschlie\u00dflich \u00fcber Fl\u00e4chenheizung und Betonkernaktivierung.  Bereiche wie die Werkst\u00e4tte wurden zus\u00e4tzlich mit Umluftheizger\u00e4ten ausgestattet. F\u00fcr Teilbereiche des Geb\u00e4udes wurde eine mechanische L\u00fcftungsanlage mit W\u00e4rmer\u00fcckgewinnung realisiert. Weiter erfolgte \u00fcber eine Fernleitung der Anschluss des alten Lagerhausgeb\u00e4udes samt der darin enthaltenen Getreidetrocknung.<\/p>\n\t\t\t\t\t\t\t\t<p class=\"ngg-album-gallery-image-counter\"><strong>4<\/strong>&nbsp;Fotos<\/p>\n\t\t\t\t\t\t\t<\/div>\n\t\t<\/div>\n\t<\/div>\n\n \t\n\t<div class=\"ngg-album\">\n\t\t<div class=\"ngg-albumtitle\"><a href=\"https:\/\/www.raumklima.cc\/index.php\/nggallery\/gewerbe-industrie\/tourismusverband-saalbach-hinterglemm?page_id=71\">Tourismusverband Saalbach Hinterglemm<\/a><\/div>\n\t\t\t<div class=\"ngg-albumcontent\">\n\t\t\t\t<div class=\"ngg-thumbnail\">\n\t\t\t\t\t<a href=\"https:\/\/www.raumklima.cc\/index.php\/nggallery\/gewerbe-industrie\/tourismusverband-saalbach-hinterglemm?page_id=71\"><img class=\"Thumb\" alt=\"Tourismusverband Saalbach Hinterglemm\" src=\"https:\/\/www.raumklima.cc\/wp-content\/gallery\/tourismusverband-saalbach-hinterglemm\/cache\/1_71_2.jpg-nggid03166-ngg0dyn-91x68-00f0w010c011r110f110r010t010.jpg\"\/><\/a>\n\t\t\t\t<\/div>\n\t\t\t\t<div class=\"ngg-description\">\n\t\t\t\t<p>Das Geb\u00e4ude wird \u00fcber eine Grundwasser W\u00e4rmepumpe und Fl\u00e4chenheizung beheizt. Im Sommer wird das Grundwasser direkt \u00fcber einen W\u00e4rmetauscher gef\u00fchrt und zur K\u00fchlung herangezogen.\r\nEs werden somit das ganze Jahr \u00fcber konstante Temperaturverh\u00e4ltnisse im Geb\u00e4ude geschaffen.\r\nWeiter wurde im gesamten Geb\u00e4ude eine mechanische Be- und Entl\u00fcftungsanlage mit W\u00e4rmer\u00fcckgewinnung errichtet.<\/p>\n\t\t\t\t\t\t\t\t<p class=\"ngg-album-gallery-image-counter\"><strong>2<\/strong>&nbsp;Fotos<\/p>\n\t\t\t\t\t\t\t<\/div>\n\t\t<\/div>\n\t<\/div>\n\n \t\n\t<div class=\"ngg-album\">\n\t\t<div class=\"ngg-albumtitle\"><a href=\"https:\/\/www.raumklima.cc\/index.php\/nggallery\/gewerbe-industrie\/gipfelbahn-hochwurzen?page_id=71\">Gipfelbahn Hochwurzen - Bergbahn Schladming<\/a><\/div>\n\t\t\t<div class=\"ngg-albumcontent\">\n\t\t\t\t<div class=\"ngg-thumbnail\">\n\t\t\t\t\t<a href=\"https:\/\/www.raumklima.cc\/index.php\/nggallery\/gewerbe-industrie\/gipfelbahn-hochwurzen?page_id=71\"><img class=\"Thumb\" alt=\"Gipfelbahn Hochwurzen - Bergbahn Schladming\" src=\"https:\/\/www.raumklima.cc\/wp-content\/gallery\/gipfelbahn-hochwurzen\/cache\/IMG_1398.JPG-nggid03182-ngg0dyn-91x68-00f0w010c011r110f110r010t010.JPG\"\/><\/a>\n\t\t\t\t<\/div>\n\t\t\t\t<div class=\"ngg-description\">\n\t\t\t\t<p>Im Bereich der Talstation wurde g\u00e4nzlich auf statische Heizungen verzichtet. Die Beheizung erfolgt\r\nausschlie\u00dflich \u00fcber die mechanische Be- und Entl\u00fcftungsanlage mit W\u00e4rmer\u00fcckgewinnung. Die Warmwasserbereitung erfolgte dezentral elektrisch \u00fcber Kleinspeicher.\r\nIn der Bergstation wurde \u00fcber die Abw\u00e4rme der Bahntechnik eine W\u00e4rmer\u00fcckgewinnungsanlage\r\nerrichtet. Diese versorgt die Niedertemperatur Fl\u00e4chenheizungen mit Energie.<\/p>\n\t\t\t\t\t\t\t\t<p class=\"ngg-album-gallery-image-counter\"><strong>5<\/strong>&nbsp;Fotos<\/p>\n\t\t\t\t\t\t\t<\/div>\n\t\t<\/div>\n\t<\/div>\n\n \t \t\n\t<!-- Pagination -->\n \t<div class='ngg-clear'><\/div> \t\n<\/div>\n\n","protected":false},"excerpt":{"rendered":"","protected":false},"author":1,"featured_media":0,"parent":0,"menu_order":0,"comment_status":"closed","ping_status":"closed","template":"","meta":{"ngg_post_thumbnail":0},"_links":{"self":[{"href":"https:\/\/www.raumklima.cc\/index.php?rest_route=\/wp\/v2\/pages\/71"}],"collection":[{"href":"https:\/\/www.raumklima.cc\/index.php?rest_route=\/wp\/v2\/pages"}],"about":[{"href":"https:\/\/www.raumklima.cc\/index.php?rest_route=\/wp\/v2\/types\/page"}],"author":[{"embeddable":true,"href":"https:\/\/www.raumklima.cc\/index.php?rest_route=\/wp\/v2\/users\/1"}],"replies":[{"embeddable":true,"href":"https:\/\/www.raumklima.cc\/index.php?rest_route=%2Fwp%2Fv2%2Fcomments&post=71"}],"version-history":[{"count":12,"href":"https:\/\/www.raumklima.cc\/index.php?rest_route=\/wp\/v2\/pages\/71\/revisions"}],"predecessor-version":[{"id":153,"href":"https:\/\/www.raumklima.cc\/index.php?rest_route=\/wp\/v2\/pages\/71\/revisions\/153"}],"wp:attachment":[{"href":"https:\/\/www.raumklima.cc\/index.php?rest_route=%2Fwp%2Fv2%2Fmedia&parent=71"}],"curies":[{"name":"wp","href":"https:\/\/api.w.org\/{rel}","templated":true}]}}