{"id":130,"date":"2012-05-18T07:58:56","date_gmt":"2012-05-18T07:58:56","guid":{"rendered":"http:\/\/www.raumklima.cc\/?page_id=130"},"modified":"2012-11-12T17:11:01","modified_gmt":"2012-11-12T17:11:01","slug":"kommunal","status":"publish","type":"page","link":"https:\/\/www.raumklima.cc\/?page_id=130","title":{"rendered":"Kommunen \/ Vereine"},"content":{"rendered":"<ul class=\"ngg-breadcrumbs\">\n    <\/ul>\n<div class=\"ngg-albumoverview\">\t\n\t<!-- List of galleries -->\n\t\n\t<div class=\"ngg-album\">\n\t\t<div class=\"ngg-albumtitle\"><a href=\"https:\/\/www.raumklima.cc\/?page_id=71\">Volksschule Markt Bischofshofen<\/a><\/div>\n\t\t\t<div class=\"ngg-albumcontent\">\n\t\t\t\t<div class=\"ngg-thumbnail\">\n\t\t\t\t\t<a href=\"https:\/\/www.raumklima.cc\/?page_id=71\"><img class=\"Thumb\" alt=\"Volksschule Markt Bischofshofen\" src=\"https:\/\/www.raumklima.cc\/wp-content\/gallery\/volksschule-markt-bischofshofen\/cache\/img_1041.jpg-nggid0216-ngg0dyn-91x68-00f0w010c011r110f110r010t010.jpg\"\/><\/a>\n\t\t\t\t<\/div>\n\t\t\t\t<div class=\"ngg-description\">\n\t\t\t\t<p>Sanierung des gesamten Schulgeb\u00e4udes und Ausbau des Dachgescho\u00dfes in mehreren Bauabschnitten. Einbau von dezentralen Klassenzimmerl\u00fcftungen und einer Klimaanlage in den neuen Dachgescho\u00dfklassen. Anschluss an das vorhandene Nahw\u00e4rmenetz der Bioenergie Pongau.<\/p>\n\t\t\t\t\t\t\t\t<p class=\"ngg-album-gallery-image-counter\"><strong>2<\/strong>&nbsp;Fotos<\/p>\n\t\t\t\t\t\t\t<\/div>\n\t\t<\/div>\n\t<\/div>\n\n \t\n\t<div class=\"ngg-album\">\n\t\t<div class=\"ngg-albumtitle\"><a href=\"https:\/\/www.raumklima.cc\/index.php\/nggallery\/kommunen-vereine\/naturfreundehaus-knofeleben?page_id=130\">Naturfreundehaus Knofeleben<\/a><\/div>\n\t\t\t<div class=\"ngg-albumcontent\">\n\t\t\t\t<div class=\"ngg-thumbnail\">\n\t\t\t\t\t<a href=\"https:\/\/www.raumklima.cc\/index.php\/nggallery\/kommunen-vereine\/naturfreundehaus-knofeleben?page_id=130\"><img class=\"Thumb\" alt=\"Naturfreundehaus Knofeleben\" src=\"https:\/\/www.raumklima.cc\/wp-content\/gallery\/naturfreundehaus-knofeleben\/cache\/pict0075.jpg-nggid0224-ngg0dyn-91x68-00f0w010c011r110f110r010t010.jpg\"\/><\/a>\n\t\t\t\t<\/div>\n\t\t\t\t<div class=\"ngg-description\">\n\t\t\t\t<p>Bei diesem Projekt handelt es sich um eine vollkommen Energieautarke Schutzh\u00fctte in Nieder\u00f6sterrich. \r\nSolaranlage \/ Scheitholzkessel \/ K\u00fcchenofen mit Anschluss an das Heizsystem \/ Photovoltaikanlage \/ Dieselnotstromaggregat \/ Regenwasseraufbereitung\r\nBauherr: Naturfreunde Wien\r\nArchitekt: Fa. Baukult \/ Wien<\/p>\n\t\t\t\t\t\t\t\t<p class=\"ngg-album-gallery-image-counter\"><strong>8<\/strong>&nbsp;Fotos<\/p>\n\t\t\t\t\t\t\t<\/div>\n\t\t<\/div>\n\t<\/div>\n\n \t\n\t<div class=\"ngg-album\">\n\t\t<div class=\"ngg-albumtitle\"><a href=\"https:\/\/www.raumklima.cc\/index.php\/nggallery\/kommunen-vereine\/kindergarten-bischofshofen?page_id=130\">Kindergarten Bischofshofen<\/a><\/div>\n\t\t\t<div class=\"ngg-albumcontent\">\n\t\t\t\t<div class=\"ngg-thumbnail\">\n\t\t\t\t\t<a href=\"https:\/\/www.raumklima.cc\/index.php\/nggallery\/kommunen-vereine\/kindergarten-bischofshofen?page_id=130\"><img class=\"Thumb\" alt=\"Kindergarten Bischofshofen\" src=\"https:\/\/www.raumklima.cc\/wp-content\/gallery\/kindergarten-bischofshofen\/cache\/2.jpg-nggid0283-ngg0dyn-91x68-00f0w010c011r110f110r010t010.jpg\"\/><\/a>\n\t\t\t\t<\/div>\n\t\t\t\t<div class=\"ngg-description\">\n\t\t\t\t<p>Neubau Kinergarten und Krabbelgruppe Bischofshofen. Die Energieversorgung erolgt \u00fcber das Nahw\u00e4rmenetz der Bioenergie Pongau. Die Gruppen- und Bewegungsr\u00e4ume wurden mit einer dezentralen L\u00fcftungsanlage mit W\u00e4rmer\u00fcckgewinnung ausgestattet.<\/p>\n\t\t\t\t\t\t\t\t<p class=\"ngg-album-gallery-image-counter\"><strong>6<\/strong>&nbsp;Fotos<\/p>\n\t\t\t\t\t\t\t<\/div>\n\t\t<\/div>\n\t<\/div>\n\n \t\n\t<div class=\"ngg-album\">\n\t\t<div class=\"ngg-albumtitle\"><a href=\"https:\/\/www.raumklima.cc\/index.php\/nggallery\/kommunen-vereine\/gemeindezentrum-kuchl?page_id=130\">Gemeindezentrum Kuchl<\/a><\/div>\n\t\t\t<div class=\"ngg-albumcontent\">\n\t\t\t\t<div class=\"ngg-thumbnail\">\n\t\t\t\t\t<a href=\"https:\/\/www.raumklima.cc\/index.php\/nggallery\/kommunen-vereine\/gemeindezentrum-kuchl?page_id=130\"><img class=\"Thumb\" alt=\"Gemeindezentrum Kuchl\" src=\"https:\/\/www.raumklima.cc\/wp-content\/gallery\/gemeindezentrum-kuchl\/cache\/s_head011.jpg-nggid0286-ngg0dyn-91x68-00f0w010c011r110f110r010t010.jpg\"\/><\/a>\n\t\t\t\t<\/div>\n\t\t\t\t<div class=\"ngg-description\">\n\t\t\t\t<p>Hocheffizientes Haustechniksystem f\u00fcr ein B\u00fcrogeb\u00e4ude.\r\nBeheizung und K\u00fchlung der R\u00e4umlichkeiten \u00fcber eine Luftw\u00e4rmepumpe mit Spitzenlastabdeckung durch Anschluss an das Fernw\u00e4rmenetz. \r\nMechanische L\u00fcftung aller Raume mit hochwirksamer W\u00e4rmer\u00fcckgewinnung aus der Abluft. \r\n<\/p>\n\t\t\t\t\t\t\t\t<p class=\"ngg-album-gallery-image-counter\"><strong>3<\/strong>&nbsp;Fotos<\/p>\n\t\t\t\t\t\t\t<\/div>\n\t\t<\/div>\n\t<\/div>\n\n \t\n\t<div class=\"ngg-album\">\n\t\t<div class=\"ngg-albumtitle\"><a href=\"https:\/\/www.raumklima.cc\/index.php\/nggallery\/kommunen-vereine\/ffw-huettschlag?page_id=130\">FFW H\u00fcttschlag<\/a><\/div>\n\t\t\t<div class=\"ngg-albumcontent\">\n\t\t\t\t<div class=\"ngg-thumbnail\">\n\t\t\t\t\t<a href=\"https:\/\/www.raumklima.cc\/index.php\/nggallery\/kommunen-vereine\/ffw-huettschlag?page_id=130\"><img class=\"Thumb\" alt=\"FFW H\u00fcttschlag\" src=\"https:\/\/www.raumklima.cc\/wp-content\/gallery\/ffw-huettschlag\/cache\/IMG_2375.JPG-nggid03195-ngg0dyn-91x68-00f0w010c011r110f110r010t010.JPG\"\/><\/a>\n\t\t\t\t<\/div>\n\t\t\t\t<div class=\"ngg-description\">\n\t\t\t\t<p>Freiwillige Feuerwehr H\u00fcttschlag und 10 Wohneinheiten in einem Geb\u00e4ude. Die Energieversorgung erfolgt \u00fcber eine zentrale Pelletsheizung.\r\nDie Warmwasserbereitung erfolgt dezentral mittels Wohnungsstationen. Im Bereich der Feuerwehr wurde eine mechanische Be- und Entl\u00fcftungsanlage mit W\u00e4rmer\u00fcckgewinnung realisiert.<\/p>\n\t\t\t\t\t\t\t\t<p class=\"ngg-album-gallery-image-counter\"><strong>2<\/strong>&nbsp;Fotos<\/p>\n\t\t\t\t\t\t\t<\/div>\n\t\t<\/div>\n\t<\/div>\n\n \t\n\t<div class=\"ngg-album\">\n\t\t<div class=\"ngg-albumtitle\"><a href=\"https:\/\/www.raumklima.cc\/index.php\/nggallery\/kommunen-vereine\/Gemeindehaus-Nussdorf?page_id=130\">Gemeindehaus Nussdorf<\/a><\/div>\n\t\t\t<div class=\"ngg-albumcontent\">\n\t\t\t\t<div class=\"ngg-thumbnail\">\n\t\t\t\t\t<a href=\"https:\/\/www.raumklima.cc\/index.php\/nggallery\/kommunen-vereine\/Gemeindehaus-Nussdorf?page_id=130\"><img class=\"Thumb\" alt=\"Gemeindehaus Nussdorf\" src=\"https:\/\/www.raumklima.cc\/wp-content\/gallery\/gemeindehaus-nussdorf\/cache\/2015_11_01_008_pp.jpg-nggid03200-ngg0dyn-91x68-00f0w010c011r110f110r010t010.jpg\"\/><\/a>\n\t\t\t\t<\/div>\n\t\t\t\t<div class=\"ngg-description\">\n\t\t\t\t<p><\/p>\n\t\t\t\t\t\t\t\t<p class=\"ngg-album-gallery-image-counter\"><strong>3<\/strong>&nbsp;Fotos<\/p>\n\t\t\t\t\t\t\t<\/div>\n\t\t<\/div>\n\t<\/div>\n\n \t \t\n\t<!-- Pagination -->\n \t<div class='ngg-clear'><\/div> \t\n<\/div>\n\n","protected":false},"excerpt":{"rendered":"","protected":false},"author":2,"featured_media":0,"parent":0,"menu_order":0,"comment_status":"closed","ping_status":"closed","template":"","meta":{"ngg_post_thumbnail":0},"_links":{"self":[{"href":"https:\/\/www.raumklima.cc\/index.php?rest_route=\/wp\/v2\/pages\/130"}],"collection":[{"href":"https:\/\/www.raumklima.cc\/index.php?rest_route=\/wp\/v2\/pages"}],"about":[{"href":"https:\/\/www.raumklima.cc\/index.php?rest_route=\/wp\/v2\/types\/page"}],"author":[{"embeddable":true,"href":"https:\/\/www.raumklima.cc\/index.php?rest_route=\/wp\/v2\/users\/2"}],"replies":[{"embeddable":true,"href":"https:\/\/www.raumklima.cc\/index.php?rest_route=%2Fwp%2Fv2%2Fcomments&post=130"}],"version-history":[{"count":5,"href":"https:\/\/www.raumklima.cc\/index.php?rest_route=\/wp\/v2\/pages\/130\/revisions"}],"predecessor-version":[{"id":154,"href":"https:\/\/www.raumklima.cc\/index.php?rest_route=\/wp\/v2\/pages\/130\/revisions\/154"}],"wp:attachment":[{"href":"https:\/\/www.raumklima.cc\/index.php?rest_route=%2Fwp%2Fv2%2Fmedia&parent=130"}],"curies":[{"name":"wp","href":"https:\/\/api.w.org\/{rel}","templated":true}]}}